{"id":4443,"date":"2013-10-31T16:29:04","date_gmt":"2013-10-31T15:29:04","guid":{"rendered":"http:\/\/www.koperenpasser.be\/ont11\/?page_id=4443"},"modified":"2024-02-29T11:08:24","modified_gmt":"2024-02-29T10:08:24","slug":"jan-borluut-2","status":"publish","type":"page","link":"https:\/\/www.koperenpasser.be\/ont11\/jan-borluut-2\/","title":{"rendered":"Jan Borluut"},"content":{"rendered":"<p><a href=\"http:\/\/www.koperenpasser.be\/ont11\/jan-borluut-2\/0004281bb-2\/\" rel=\"attachment wp-att-4532\"><img loading=\"lazy\" decoding=\"async\" class=\"aligncenter size-full wp-image-4532\" src=\"http:\/\/www.koperenpasser.be\/ont11\/files\/2013\/10\/0004281bb.jpg\" alt=\"\" width=\"125\" height=\"83\" \/><\/a><\/p>\n<p>Jan Borluut (ca. 1250 &#8211; vermoord, Gent, v\u00f3\u00f3r 1306) was een Gentse patrici\u00ebr.<br \/>\nJan Borluut was de zoon van Boudewijn Borluut en Truna Uutberghe, en afkomstig uit een rijk patrici\u00ebrsgeslacht van wolhandelaren, waarvan de leden van de 13de tot de 16de eeuw onafgebroken magistraatsfuncties bekleedden in Gent. Hij was getrouwd met Heldewin de Vos maar had geen kinderen. Hij was familie van Elisabeth Borluut, die samen met haar echtgenoot Joos Vijd opdracht gaf tot het maken van het bekende schilderij Het Lam Gods (1432), dat in de Doopkapel van de Sint-Baafskathedraal hangt.<\/p>\n<p>Jan Borluut was een vechtersbaas die zich ontwikkelde tot krijgsheer. Hij nam deel aan de slag bij Woeringen. Na doodslag in een vete op een andere patrici\u00ebr werd hij verbannen uit Gent. Op 11 juli 1302 voerde hij een groep Gentenaars aan tijdens de Guldensporenslag tegen de Fransen, terwijl het Gentse stadsbestuur, de zogenaamde XXXIX, aan de zijde van de Franse koning stonden. Na de slag werd hij tot ridder geslagen en in triomf teruggebracht naar de Gentse stad, wat aldaar op gemengde gevoelens werd onthaald. Later werd hij door zijn vijanden in Gent vermoord.<\/p>\n<p>De kreet &#8220;Groeninge veld! Groeninge veld!&#8221; werd nadien de wapenspreuk van de familie Borluut.<\/p>\n<p>Op de gevel van het romaans herenhuis op de Korenmarkt, het zogeheten Borluutsteen, is het wapenschild van de familie te zien: drie lopende herten.<\/p>\n<p>In Sint-Denijs-Westrem staat het Borluutkasteel, dat ook naar deze patrici\u00ebrsfamilie is genoemd.<\/p>\n<p>(bron: Wikipedia)<\/p>\n<p>(<a href=\"https:\/\/persblog.be\/stad-groeninge-veld-groeninge-veld-is-wapenspreuk-van-familie-borluut\/?fbclid=IwAR2mzrBZkPmHKmHX_GdTkS_3an-byYxX785aXgyXns4VXB_eAhS-2Bzkxf0\">Persblog<\/a>)<\/p>\n<p>&nbsp;<\/p>\n<p>&nbsp;<\/p>\n","protected":false},"excerpt":{"rendered":"<p>Jan Borluut (ca. 1250 &#8211; vermoord, Gent, v\u00f3\u00f3r 1306) was een Gentse patrici\u00ebr. Jan Borluut was de zoon van Boudewijn Borluut en Truna Uutberghe, en<\/p>\n","protected":false},"author":1,"featured_media":0,"parent":0,"menu_order":0,"comment_status":"closed","ping_status":"closed","template":"","meta":{"footnotes":""},"_links":{"self":[{"href":"https:\/\/www.koperenpasser.be\/ont11\/wp-json\/wp\/v2\/pages\/4443"}],"collection":[{"href":"https:\/\/www.koperenpasser.be\/ont11\/wp-json\/wp\/v2\/pages"}],"about":[{"href":"https:\/\/www.koperenpasser.be\/ont11\/wp-json\/wp\/v2\/types\/page"}],"author":[{"embeddable":true,"href":"https:\/\/www.koperenpasser.be\/ont11\/wp-json\/wp\/v2\/users\/1"}],"replies":[{"embeddable":true,"href":"https:\/\/www.koperenpasser.be\/ont11\/wp-json\/wp\/v2\/comments?post=4443"}],"version-history":[{"count":4,"href":"https:\/\/www.koperenpasser.be\/ont11\/wp-json\/wp\/v2\/pages\/4443\/revisions"}],"predecessor-version":[{"id":6919,"href":"https:\/\/www.koperenpasser.be\/ont11\/wp-json\/wp\/v2\/pages\/4443\/revisions\/6919"}],"wp:attachment":[{"href":"https:\/\/www.koperenpasser.be\/ont11\/wp-json\/wp\/v2\/media?parent=4443"}],"curies":[{"name":"wp","href":"https:\/\/api.w.org\/{rel}","templated":true}]}}