{"id":4801,"date":"2012-05-04T05:59:31","date_gmt":"2012-05-04T03:59:31","guid":{"rendered":"http:\/\/www.koperenpasser.be\/b7\/?page_id=4801"},"modified":"2024-09-07T14:16:33","modified_gmt":"2024-09-07T12:16:33","slug":"historiek-2","status":"publish","type":"page","link":"https:\/\/www.koperenpasser.be\/vnt7\/historiek-2\/","title":{"rendered":"Historiek van de Koperen Passer Club Diest &#8211; V7"},"content":{"rendered":"<p><span style=\"font-family: comic sans ms,sans-serif\">In september 2005 werd onder begeleiding &#8211; en met de goedkeuring van het regionaal bestuur van Koperen Passer Vlaams-Brabant een verkennende vergadering georganiseerd met het oog op de oprichting van een club in Diest.<\/span><\/p>\n<p><span style=\"font-family: comic sans ms,sans-serif\">Nog voor het jaareinde 2005 was het zover: Koperen Passer Diest werd officieel opgericht.<\/span><\/p>\n<p><span style=\"font-family: comic sans ms\">Ze waren met 20, de stichtende leden.<\/span><\/p>\n<ul>\n<li><span style=\"font-family: comic sans ms,sans-serif\"><span style=\"color: blue\">Bleus Jo<\/span>. &#8211; Tessenderlo<\/span><\/li>\n<li><span style=\"font-family: comic sans ms,sans-serif\"><span style=\"color: blue\">Courant Jean<\/span>. &#8211; Diest<\/span><\/li>\n<li><span style=\"font-family: comic sans ms,sans-serif\"><span style=\"color: blue\">Crabb\u00e9 Paul<\/span>. &#8211; Halen<\/span><\/li>\n<li><span style=\"font-family: comic sans ms,sans-serif\"><span style=\"color: blue\">De Pelsmaeker Albert<\/span>. &#8211; Diest<\/span><\/li>\n<li><span style=\"font-family: comic sans ms,sans-serif\"><span style=\"color: blue\">Deca Frederik<\/span>. &#8211; Aarschot<\/span><\/li>\n<li><span style=\"font-family: comic sans ms,sans-serif\"><span style=\"color: blue\">Drijkoningen Leo<\/span>. &#8211; Halen<\/span><\/li>\n<li><span style=\"font-family: comic sans ms,sans-serif\"><span style=\"color: blue\">Fyens Willy<\/span>. &#8211; Diest<\/span><\/li>\n<li><span style=\"font-family: comic sans ms,sans-serif\"><span style=\"color: blue\">Hendrix Wilfreid<\/span>. &#8211; Kagevinne<\/span><\/li>\n<li><span style=\"font-family: comic sans ms,sans-serif\"><span style=\"color: blue\">Hermans Yvon<\/span>. &#8211; Halen<\/span><\/li>\n<li><span style=\"font-family: comic sans ms,sans-serif\"><span style=\"color: blue\">Jacques Marc<\/span>. &#8211; St Truiden<\/span><\/li>\n<li><span style=\"font-family: comic sans ms,sans-serif\"><span style=\"color: blue\">Kesteman Jean-Pierre<\/span>. &#8211; Diest<\/span><\/li>\n<li><span style=\"font-family: comic sans ms,sans-serif\"><span style=\"color: blue\">Minten Jacques<\/span>. &#8211; Averbode<\/span><\/li>\n<li><span style=\"font-family: comic sans ms,sans-serif\"><span style=\"color: blue\">Smets Henri<\/span>. &#8211; Hasselt<\/span><\/li>\n<li><span style=\"font-family: comic sans ms,sans-serif\"><span style=\"color: blue\">Strauven Robert<\/span>. &#8211; Halen<\/span><\/li>\n<li><span style=\"font-family: comic sans ms,sans-serif\"><span style=\"color: blue\">Th\u00f6nissen Ger<\/span>. &#8211; Heusden-Zolder<\/span><\/li>\n<li><span style=\"font-family: comic sans ms,sans-serif\"><span style=\"color: blue\">Tulkens Willy<\/span>. &#8211; Diest<\/span><\/li>\n<li><span style=\"font-family: comic sans ms,sans-serif\"><span style=\"color: blue\">Van Gossum D\u00e9sire<\/span>. &#8211; Scherpenheuvel-Zichem<\/span><\/li>\n<li><span style=\"font-family: comic sans ms,sans-serif\"><span style=\"color: blue\">Verlinden Andr\u00e9<\/span>. &#8211; Diest<\/span><\/li>\n<li><span style=\"font-family: comic sans ms,sans-serif\"><span style=\"color: blue\">Voordeckers Bernard<\/span>. &#8211; Hasselt<\/span><\/li>\n<li><span style=\"font-family: comic sans ms,sans-serif\"><span style=\"color: blue\">Wellens Urbain<\/span>. &#8211; Diest<\/span><\/li>\n<li><span style=\"font-family: comic sans ms,sans-serif\"><span style=\"color: blue\">Winand Gary<\/span>. &#8211; Diest<\/span><\/li>\n<\/ul>\n<p><span style=\"font-family: comic sans ms,sans-serif\">De startende club werd op sleeptouw genomen door volgend bestuur:<\/span><img loading=\"lazy\" decoding=\"async\" class=\" wp-image-7519 alignleft\" src=\"http:\/\/www.koperenpasser.be\/vnt7\/files\/2012\/05\/20170622_111007-240x132.jpg\" alt=\"\" width=\"610\" height=\"336\" srcset=\"https:\/\/www.koperenpasser.be\/vnt7\/files\/2012\/05\/20170622_111007-240x132.jpg 240w, https:\/\/www.koperenpasser.be\/vnt7\/files\/2012\/05\/20170622_111007-768x422.jpg 768w, https:\/\/www.koperenpasser.be\/vnt7\/files\/2012\/05\/20170622_111007-586x322.jpg 586w, https:\/\/www.koperenpasser.be\/vnt7\/files\/2012\/05\/20170622_111007.jpg 1024w\" sizes=\"(max-width: 610px) 100vw, 610px\" \/><\/p>\n<p><span style=\"font-family: comic sans ms,sans-serif\">Voorzitter : <span style=\"color: #0000ff\">Urbain Wellens<\/span>.(rechts)<\/span><br \/>\n<span style=\"font-family: comic sans ms,sans-serif\"> Secretaris : <span style=\"color: #0000ff\">D\u00e9sire Van Gossum<\/span>.(links)<\/span><br \/>\n<span style=\"font-family: comic sans ms,sans-serif\"> Penningmeester : <span style=\"color: #0000ff\">Ger Th\u00f6nissen<\/span>.(2<sup>de<\/sup> links)<\/span><br \/>\n<span style=\"font-family: comic sans ms,sans-serif\"> Bestuurslid : Albert <span style=\"color: #0000ff\">De Pelsmaeker<\/span>.(2<sup>de<\/sup> rechts)<\/span><\/p>\n<p><span style=\"font-family: comic sans ms,sans-serif\">Van bij de aanvang zorgde het bestuur voor gevarieerde en zeer interessante uitstappen. Men zocht en vond een evenwicht tussen kunst en cultuur enerzijds en bedrijfsbezoeken anderzijds. Voeg daarbij het aspect dat bij elke uitstap ernstig rekening werd gehouden met\u00a0 de Bourgondische aard van de leden, en men heeft meteen alle ingredi\u00ebnten die er voor gezorgd hebben dat men zeer snel de kaap van 50 leden bereikte.<\/span><\/p>\n<p><span style=\"font-family: comic sans ms,sans-serif\">Een uitbreiding van het bestuur was daarvan een logisch gevolg, Jeffrey Sprockeels en Frederik Deca kwamen het team versterken.<\/span><\/p>\n<p><span style=\"font-family: comic sans ms,sans-serif\">Medio 2016 was de club dusdanig gegroeid dat men de kaap van 90 leden had bereikt en dat men bijgevolg een wervingsstop diende in te voeren. Inderdaad, met nog meer leden kan men de club niet werkbaar houden (er zijn geen bussen met een capaciteit van meer dan 90 personen en een voldoende groot restaurant vinden wordt er ook niet gemakkelijker op).<\/span><\/p>\n<p><span style=\"font-family: comic sans ms,sans-serif\">Met 90 leden was het bestuur opnieuw aan uitbreiding toe. Ter gelegenheid van het tienjarig bestaan traden Willy Vranken, Eddy Clement en Roger Bouvrie toe en korte tijd nadien kwam Leo Drijkoningen de ontslagnemende Frederik Deca vervangen. Sinds september 2015 heeft Willy Vranken het voorzitterschap overgenomen van Urbain Wellens, die gedurende 10 jaren de club schitterend had geleid.<\/span><\/p>\n<p>&nbsp;<\/p>\n<p><span style=\"font-family: comic sans ms,sans-serif\">Het bestuur ziet er sinds september 2016 als volgt uit.<\/span><\/p>\n<ul>\n<li><span style=\"font-family: comic sans ms,sans-serif\">Voorzitter: <span style=\"color: #0000ff\">Willy Vranken<\/span><\/span><\/li>\n<li><span style=\"font-family: comic sans ms,sans-serif\">Ondervoorzitter: <span style=\"color: #0000ff\">Jeffrey Sprockeels<\/span><\/span><\/li>\n<li><span style=\"color: #0000ff;font-family: comic sans ms,sans-serif\"><span style=\"color: #000000\">Penningmeester:<\/span> Roger Bouvrie<\/span><\/li>\n<li><span style=\"color: #0000ff;font-family: comic sans ms,sans-serif\"><span style=\"color: #000000\">Web- en DBase Master: <\/span>Leo Drijkoningen<\/span><\/li>\n<li><span style=\"font-family: comic sans ms,sans-serif\">Andere bestuurleden: <span style=\"color: #0000ff\">Urbain Wellens, Ger Th\u00f6nissen, D\u00e9sir\u00e9 Van Gossum, Albert De Pelsmaeker en Eddy Clement<\/span>.<\/span><\/li>\n<\/ul>\n<p><img loading=\"lazy\" decoding=\"async\" class=\"aligncenter wp-image-7520\" src=\"http:\/\/www.koperenpasser.be\/vnt7\/files\/2012\/05\/20170622_122839-240x160.jpg\" alt=\"\" width=\"547\" height=\"364\" srcset=\"https:\/\/www.koperenpasser.be\/vnt7\/files\/2012\/05\/20170622_122839-240x160.jpg 240w, https:\/\/www.koperenpasser.be\/vnt7\/files\/2012\/05\/20170622_122839-768x513.jpg 768w, https:\/\/www.koperenpasser.be\/vnt7\/files\/2012\/05\/20170622_122839-586x391.jpg 586w, https:\/\/www.koperenpasser.be\/vnt7\/files\/2012\/05\/20170622_122839.jpg 1024w\" sizes=\"(max-width: 547px) 100vw, 547px\" \/><\/p>\n<h5>Van links naar rechts: Onder: Urbain Wellens, Willy Vranken, Ger Thonissen,<\/h5>\n<h5>Boven: Leo Drijkoningen, Eddy Clement, Jeffrey Sprockeels, Albert De Pelsmaeker, D\u00e9sir\u00e9 Van Gossum en Roger Bouvrie<\/h5>\n<p><span style=\"font-family: comic sans ms,sans-serif\">De leden voelen zich dusdanig bij het gebeuren betrokken dat het niet meer alleen het bestuur is dat de uitstappen organiseert, maar overwegend de leden zelf. Zij organiseren 80% van onze uitstappen. De bezettingsgraad van onze uitstappen schommelt om en bij de 65% van ons ledenaantal. Een Koperen Passerjaar begint in september eindigt per 30 juni. Tijdens de maanden juli en augustus zijn er geen uitstappen.<\/span><\/p>\n<p><span style=\"font-family: comic sans ms,sans-serif\">Dit betekent dat wij sinds de oprichting al een 120-tal succesvolle uitstappen hebben georganiseerd. Dank zij onze ruime ervaringen verliepen ook onze buitenlandse trips rimpelloos en gezellig. We bezochten o.a. Straatsburg, de Champagnestreek, Luxemburg &amp; Duitsland, Amsterdam; waarvan de eerste drie meerdaags. In het jaar 2017-2018 bezochten wij Lille.<\/span><\/p>\n<p><span style=\"font-family: comic sans ms,sans-serif\">Regelmatig organiseren wij een activiteit waarop ook onze dames worden uitgenodigd; zoals daar zijn: een etentje met extra peper en zout onder de vorm van een aangename spreker en\/of dansmogelijkheid. Ook een bezoek aan Waterloo onder leiding van onze ervaren gids Jeffrey Sprockeels was een schot in de roos.<\/span><\/p>\n<p><span style=\"font-family: comic sans ms, sans-serif\">Bij de aanvang van van het werkjaar 2019 &#8211; 2020 hebben Ger Th\u00f6nissen, D\u00e9sir\u00e9 Van Gossum en Albert De Pelsmaeker ontslag uit het bestuur genomen. Drie jongere leden zijn opgenomen in het bestuur: <span style=\"color: #0000ff\">Jos Engelen, Wim Van der Veen en Kenneth Vanaudenhove<\/span>.<\/span><\/p>\n<p><span style=\"font-family: comic sans ms,sans-serif\">Dit alles heeft ertoe geleid dat Koperen Passer Diest is uitgegroeid tot een echte vriendenclub waar het zeer aangenaam vertoeven is.<\/span><\/p>\n<p><span style=\"font-family: comic sans ms, sans-serif\">Wegens de pandemie Corona is er geen activiteit geweest van april 2020 tot de zomer 2021. De eerste activiteit was 7 september 2021: 700 jaar Sint-Sulpitiuskerk in Diest.\u00a0<\/span><\/p>\n<p><span style=\"font-family: comic sans ms, sans-serif\">Ondertussen is er een voorzitterswissel doorgevoerd: Willy V<span style=\"color: #000000\">rank<\/span>en geeft de fakkel door aan <span style=\"color: #0000ff\">Kenneth Vanaudenhove. <span style=\"color: #000000\">De Nieuwe Voorzitter begint eraan met veel enthousiasme. Wij starten het jaar met 87 leden.<br \/>\n<\/span><\/span><\/span><\/p>\n<p><strong><span style=\"font-family: comic sans ms, sans-serif\">Het Werkjaar <\/span><span style=\"font-family: comic sans ms, sans-serif\"><span style=\"color: #0000ff\">2022-2023<\/span><\/span><span style=\"font-family: comic sans ms, sans-serif\"> starten wij met 78 leden<\/span><\/strong><\/p>\n<p><span style=\"font-family: comic sans ms, sans-serif\"><strong>Het Werkjaar <span style=\"color: #0000ff\">2023-2024<\/span> starten wij met 81 leden<\/strong><\/span><\/p>\n<p><strong>Het Werkjaar <span style=\"color: #0000ff\">2024-2025<\/span> starten wij met 79 leden<\/strong><\/p>\n<div id=\"ConnectiveDocSignExtentionInstalled\" data-extension-version=\"1.0.4\"><\/div>\n","protected":false},"excerpt":{"rendered":"<p>In september 2005 werd onder begeleiding &#8211; en met de goedkeuring van het regionaal bestuur van Koperen Passer Vlaams-Brabant een verkennende vergadering georganiseerd met het<\/p>\n","protected":false},"author":1,"featured_media":0,"parent":0,"menu_order":0,"comment_status":"closed","ping_status":"closed","template":"","meta":{"footnotes":""},"_links":{"self":[{"href":"https:\/\/www.koperenpasser.be\/vnt7\/wp-json\/wp\/v2\/pages\/4801"}],"collection":[{"href":"https:\/\/www.koperenpasser.be\/vnt7\/wp-json\/wp\/v2\/pages"}],"about":[{"href":"https:\/\/www.koperenpasser.be\/vnt7\/wp-json\/wp\/v2\/types\/page"}],"author":[{"embeddable":true,"href":"https:\/\/www.koperenpasser.be\/vnt7\/wp-json\/wp\/v2\/users\/1"}],"replies":[{"embeddable":true,"href":"https:\/\/www.koperenpasser.be\/vnt7\/wp-json\/wp\/v2\/comments?post=4801"}],"version-history":[{"count":8,"href":"https:\/\/www.koperenpasser.be\/vnt7\/wp-json\/wp\/v2\/pages\/4801\/revisions"}],"predecessor-version":[{"id":9131,"href":"https:\/\/www.koperenpasser.be\/vnt7\/wp-json\/wp\/v2\/pages\/4801\/revisions\/9131"}],"wp:attachment":[{"href":"https:\/\/www.koperenpasser.be\/vnt7\/wp-json\/wp\/v2\/media?parent=4801"}],"curies":[{"name":"wp","href":"https:\/\/api.w.org\/{rel}","templated":true}]}}

<p><span style="font-family: comic sans ms,sans-serif">In september 2005 werd onder begeleiding &#8211; en met de goedkeuring van het regionaal bestuur van Koperen Passer Vlaams-Brabant een verkennende vergadering georganiseerd met het oog op de oprichting van een club in Diest.</span></p>
<p><span style="font-family: comic sans ms,sans-serif">Nog voor het jaareinde 2005 was het zover: Koperen Passer Diest werd officieel opgericht.</span></p>
<p><span style="font-family: comic sans ms">Ze waren met 20, de stichtende leden.</span></p>
<ul>
<li><span style="font-family: comic sans ms,sans-serif"><span style="color: blue">Bleus Jo</span>. &#8211; Tessenderlo</span></li>
<li><span style="font-family: comic sans ms,sans-serif"><span style="color: blue">Courant Jean</span>. &#8211; Diest</span></li>
<li><span style="font-family: comic sans ms,sans-serif"><span style="color: blue">Crabbé Paul</span>. &#8211; Halen</span></li>
<li><span style="font-family: comic sans ms,sans-serif"><span style="color: blue">De Pelsmaeker Albert</span>. &#8211; Diest</span></li>
<li><span style="font-family: comic sans ms,sans-serif"><span style="color: blue">Deca Frederik</span>. &#8211; Aarschot</span></li>
<li><span style="font-family: comic sans ms,sans-serif"><span style="color: blue">Drijkoningen Leo</span>. &#8211; Halen</span></li>
<li><span style="font-family: comic sans ms,sans-serif"><span style="color: blue">Fyens Willy</span>. &#8211; Diest</span></li>
<li><span style="font-family: comic sans ms,sans-serif"><span style="color: blue">Hendrix Wilfreid</span>. &#8211; Kagevinne</span></li>
<li><span style="font-family: comic sans ms,sans-serif"><span style="color: blue">Hermans Yvon</span>. &#8211; Halen</span></li>
<li><span style="font-family: comic sans ms,sans-serif"><span style="color: blue">Jacques Marc</span>. &#8211; St Truiden</span></li>
<li><span style="font-family: comic sans ms,sans-serif"><span style="color: blue">Kesteman Jean-Pierre</span>. &#8211; Diest</span></li>
<li><span style="font-family: comic sans ms,sans-serif"><span style="color: blue">Minten Jacques</span>. &#8211; Averbode</span></li>
<li><span style="font-family: comic sans ms,sans-serif"><span style="color: blue">Smets Henri</span>. &#8211; Hasselt</span></li>
<li><span style="font-family: comic sans ms,sans-serif"><span style="color: blue">Strauven Robert</span>. &#8211; Halen</span></li>
<li><span style="font-family: comic sans ms,sans-serif"><span style="color: blue">Thönissen Ger</span>. &#8211; Heusden-Zolder</span></li>
<li><span style="font-family: comic sans ms,sans-serif"><span style="color: blue">Tulkens Willy</span>. &#8211; Diest</span></li>
<li><span style="font-family: comic sans ms,sans-serif"><span style="color: blue">Van Gossum Désire</span>. &#8211; Scherpenheuvel-Zichem</span></li>
<li><span style="font-family: comic sans ms,sans-serif"><span style="color: blue">Verlinden André</span>. &#8211; Diest</span></li>
<li><span style="font-family: comic sans ms,sans-serif"><span style="color: blue">Voordeckers Bernard</span>. &#8211; Hasselt</span></li>
<li><span style="font-family: comic sans ms,sans-serif"><span style="color: blue">Wellens Urbain</span>. &#8211; Diest</span></li>
<li><span style="font-family: comic sans ms,sans-serif"><span style="color: blue">Winand Gary</span>. &#8211; Diest</span></li>
</ul>
<p><span style="font-family: comic sans ms,sans-serif">De startende club werd op sleeptouw genomen door volgend bestuur:</span><img loading="lazy" decoding="async" class=" wp-image-7519 alignleft" src="http://www.koperenpasser.be/vnt7/files/2012/05/20170622_111007-240x132.jpg" alt="" width="610" height="336" srcset="https://www.koperenpasser.be/vnt7/files/2012/05/20170622_111007-240x132.jpg 240w, https://www.koperenpasser.be/vnt7/files/2012/05/20170622_111007-768x422.jpg 768w, https://www.koperenpasser.be/vnt7/files/2012/05/20170622_111007-586x322.jpg 586w, https://www.koperenpasser.be/vnt7/files/2012/05/20170622_111007.jpg 1024w" sizes="(max-width: 610px) 100vw, 610px" /></p>
<p><span style="font-family: comic sans ms,sans-serif">Voorzitter : <span style="color: #0000ff">Urbain Wellens</span>.(rechts)</span><br />
<span style="font-family: comic sans ms,sans-serif"> Secretaris : <span style="color: #0000ff">Désire Van Gossum</span>.(links)</span><br />
<span style="font-family: comic sans ms,sans-serif"> Penningmeester : <span style="color: #0000ff">Ger Thönissen</span>.(2<sup>de</sup> links)</span><br />
<span style="font-family: comic sans ms,sans-serif"> Bestuurslid : Albert <span style="color: #0000ff">De Pelsmaeker</span>.(2<sup>de</sup> rechts)</span></p>
<p><span style="font-family: comic sans ms,sans-serif">Van bij de aanvang zorgde het bestuur voor gevarieerde en zeer interessante uitstappen. Men zocht en vond een evenwicht tussen kunst en cultuur enerzijds en bedrijfsbezoeken anderzijds. Voeg daarbij het aspect dat bij elke uitstap ernstig rekening werd gehouden met  de Bourgondische aard van de leden, en men heeft meteen alle ingrediënten die er voor gezorgd hebben dat men zeer snel de kaap van 50 leden bereikte.</span></p>
<p><span style="font-family: comic sans ms,sans-serif">Een uitbreiding van het bestuur was daarvan een logisch gevolg, Jeffrey Sprockeels en Frederik Deca kwamen het team versterken.</span></p>
<p><span style="font-family: comic sans ms,sans-serif">Medio 2016 was de club dusdanig gegroeid dat men de kaap van 90 leden had bereikt en dat men bijgevolg een wervingsstop diende in te voeren. Inderdaad, met nog meer leden kan men de club niet werkbaar houden (er zijn geen bussen met een capaciteit van meer dan 90 personen en een voldoende groot restaurant vinden wordt er ook niet gemakkelijker op).</span></p>
<p><span style="font-family: comic sans ms,sans-serif">Met 90 leden was het bestuur opnieuw aan uitbreiding toe. Ter gelegenheid van het tienjarig bestaan traden Willy Vranken, Eddy Clement en Roger Bouvrie toe en korte tijd nadien kwam Leo Drijkoningen de ontslagnemende Frederik Deca vervangen. Sinds september 2015 heeft Willy Vranken het voorzitterschap overgenomen van Urbain Wellens, die gedurende 10 jaren de club schitterend had geleid.</span></p>
<p>&nbsp;</p>
<p><span style="font-family: comic sans ms,sans-serif">Het bestuur ziet er sinds september 2016 als volgt uit.</span></p>
<ul>
<li><span style="font-family: comic sans ms,sans-serif">Voorzitter: <span style="color: #0000ff">Willy Vranken</span></span></li>
<li><span style="font-family: comic sans ms,sans-serif">Ondervoorzitter: <span style="color: #0000ff">Jeffrey Sprockeels</span></span></li>
<li><span style="color: #0000ff;font-family: comic sans ms,sans-serif"><span style="color: #000000">Penningmeester:</span> Roger Bouvrie</span></li>
<li><span style="color: #0000ff;font-family: comic sans ms,sans-serif"><span style="color: #000000">Web- en DBase Master: </span>Leo Drijkoningen</span></li>
<li><span style="font-family: comic sans ms,sans-serif">Andere bestuurleden: <span style="color: #0000ff">Urbain Wellens, Ger Thönissen, Désiré Van Gossum, Albert De Pelsmaeker en Eddy Clement</span>.</span></li>
</ul>
<p><img loading="lazy" decoding="async" class="aligncenter wp-image-7520" src="http://www.koperenpasser.be/vnt7/files/2012/05/20170622_122839-240x160.jpg" alt="" width="547" height="364" srcset="https://www.koperenpasser.be/vnt7/files/2012/05/20170622_122839-240x160.jpg 240w, https://www.koperenpasser.be/vnt7/files/2012/05/20170622_122839-768x513.jpg 768w, https://www.koperenpasser.be/vnt7/files/2012/05/20170622_122839-586x391.jpg 586w, https://www.koperenpasser.be/vnt7/files/2012/05/20170622_122839.jpg 1024w" sizes="(max-width: 547px) 100vw, 547px" /></p>
<h5>Van links naar rechts: Onder: Urbain Wellens, Willy Vranken, Ger Thonissen,</h5>
<h5>Boven: Leo Drijkoningen, Eddy Clement, Jeffrey Sprockeels, Albert De Pelsmaeker, Désiré Van Gossum en Roger Bouvrie</h5>
<p><span style="font-family: comic sans ms,sans-serif">De leden voelen zich dusdanig bij het gebeuren betrokken dat het niet meer alleen het bestuur is dat de uitstappen organiseert, maar overwegend de leden zelf. Zij organiseren 80% van onze uitstappen. De bezettingsgraad van onze uitstappen schommelt om en bij de 65% van ons ledenaantal. Een Koperen Passerjaar begint in september eindigt per 30 juni. Tijdens de maanden juli en augustus zijn er geen uitstappen.</span></p>
<p><span style="font-family: comic sans ms,sans-serif">Dit betekent dat wij sinds de oprichting al een 120-tal succesvolle uitstappen hebben georganiseerd. Dank zij onze ruime ervaringen verliepen ook onze buitenlandse trips rimpelloos en gezellig. We bezochten o.a. Straatsburg, de Champagnestreek, Luxemburg &amp; Duitsland, Amsterdam; waarvan de eerste drie meerdaags. In het jaar 2017-2018 bezochten wij Lille.</span></p>
<p><span style="font-family: comic sans ms,sans-serif">Regelmatig organiseren wij een activiteit waarop ook onze dames worden uitgenodigd; zoals daar zijn: een etentje met extra peper en zout onder de vorm van een aangename spreker en/of dansmogelijkheid. Ook een bezoek aan Waterloo onder leiding van onze ervaren gids Jeffrey Sprockeels was een schot in de roos.</span></p>
<p><span style="font-family: comic sans ms, sans-serif">Bij de aanvang van van het werkjaar 2019 &#8211; 2020 hebben Ger Thönissen, Désiré Van Gossum en Albert De Pelsmaeker ontslag uit het bestuur genomen. Drie jongere leden zijn opgenomen in het bestuur: <span style="color: #0000ff">Jos Engelen, Wim Van der Veen en Kenneth Vanaudenhove</span>.</span></p>
<p><span style="font-family: comic sans ms,sans-serif">Dit alles heeft ertoe geleid dat Koperen Passer Diest is uitgegroeid tot een echte vriendenclub waar het zeer aangenaam vertoeven is.</span></p>
<p><span style="font-family: comic sans ms, sans-serif">Wegens de pandemie Corona is er geen activiteit geweest van april 2020 tot de zomer 2021. De eerste activiteit was 7 september 2021: 700 jaar Sint-Sulpitiuskerk in Diest. </span></p>
<p><span style="font-family: comic sans ms, sans-serif">Ondertussen is er een voorzitterswissel doorgevoerd: Willy V<span style="color: #000000">rank</span>en geeft de fakkel door aan <span style="color: #0000ff">Kenneth Vanaudenhove. <span style="color: #000000">De Nieuwe Voorzitter begint eraan met veel enthousiasme. Wij starten het jaar met 87 leden.<br />
</span></span></span></p>
<p><strong><span style="font-family: comic sans ms, sans-serif">Het Werkjaar </span><span style="font-family: comic sans ms, sans-serif"><span style="color: #0000ff">2022-2023</span></span><span style="font-family: comic sans ms, sans-serif"> starten wij met 78 leden</span></strong></p>
<p><span style="font-family: comic sans ms, sans-serif"><strong>Het Werkjaar <span style="color: #0000ff">2023-2024</span> starten wij met 81 leden</strong></span></p>
<p><strong>Het Werkjaar <span style="color: #0000ff">2024-2025</span> starten wij met 79 leden</strong></p>
<div id="ConnectiveDocSignExtentionInstalled" data-extension-version="1.0.4"></div>
